 divided by 346.
175
What is the remainder when 496245 is divided by 24?
21
Calculate the remainder when 6123 is divided by 244.
23
Calculate the remainder when 65278 is divided by 655.
433
Calculate the remainder when 1637 is divided by 549.
539
What is the remainder when 2093588 is divided by 664?
660
What is the remainder when 285445 is divided by 8?
5
Calculate the remainder when 5662 is divided by 43.
29
Calculate the remainder when 6255 is divided by 3121.
13
What is the remainder when 2117 is divided by 24?
5
Calculate the remainder when 113003 is divided by 657.
656
What is the remainder when 613773 is divided by 304?
301
What is the remainder when 82461 is divided by 82432?
29
What is the remainder when 1639 is divided by 436?
331
Calculate the remainder when 5310 is divided by 60.
30
What is the remainder when 5678 is divided by 701?
70
What is the remainder when 487040 is divided by 856?
832
What is the remainder when 359856 is divided by 1894?
1890
Calculate the remainder when 568708 is divided by 801.
799
What is the remainder when 76269 is divided by 14?
11
Calculate the remainder when 50755 is divided by 7250.
5
Calculate the remainder when 52774 is divided by 29.
23
Calculate the remainder when 4583 is divided by 27.
20
What is the remainder when 887 is divided by 732?
155
What is the remainder when 15165 is divided by 1642?
387
Calculate the remainder when 24569 is divided by 90.
89
Calculate the remainder when 57246 is divided by 458.
454
What is the remainder when 7218 is divided by 313?
19
Calculate the remainder when 2461 is divided by 253.
184
Calculate the remainder when 1918221 is divided by 28.
25
What is the remainder when 96280 is divided by 1003?
995
Calculate the remainder when 4728 is divided by 672.
24
Calculate the remainder when 1447 is divided by 534.
379
Calculate the remainder when 3121 is divided by 195.
1
Calculate the remainder when 37189 is divided by 1429.
35
What is the remainder when 34324 is divided by 395?
354
What is the remainder when 102880 is divided by 34?
30
What is the remainder when 43643 is divided by 263?
248
Calculate the remainder when 10280 is divided by 5.
0
What is the remainder when 7518628 is divided by 105?
103
Calculate the remainder when 5603242 is divided by 37.
36
What is the remainder when 4358 is divided by 475?
83
Calculate the remainder when 688 is divided by 429.
259
Calculate the remainder when 191943 is divided by 2703.
30
Calculate the remainder when 4418 is divided by 401.
7
Calculate the remainder when 52668 is divided by 2952.
2484
What is the remainder when 3915448 is divided by 990?
988
What is the remainder when 15757 is divided by 15746?
11
Calculate the remainder when 2532 is divided by 249.
42
What is the remainder when 476 is divided by 448?
28
What is the remainder when 1806 is divided by 228?
210
Calculate the remainder when 18679 is divided by 244.
135
Calculate the remainder when 1065 is divided by 96.
9
What is the remainder when 54817 is divided by 677?
657
Calculate the remainder when 3546 is divided by 3298.
248
Calculate the remainder when 42854 is divided by 18.
14
Calculate the remainder when 176875 is divided by 367.
348
Calculate the remainder when 54692 is divided by 294.
8
Calculate the remainder when 71789 is divided by 825.
14
What is the remainder when 3410 is divided by 228?
218
What is the remainder when 17604 is divided by 502?
34
What is the remainder when 3261453 is divided by 44?
41
What is the remainder when 18053 is divided by 3608?
13
What is the remainder when 22548 is divided by 4496?
68
What is the remainder when 1086 is divided by 385?
316
What is the remainder when 40298 is divided by 1485?
203
What is the remainder when 33742 is divided by 9?
1
Calculate the remainder when 11646 is divided by 637.
180
Calculate the remainder when 1724 is divided by 403.
112
Calculate the remainder when 14216 is divided by 13903.
313
What is the remainder when 71914 is divided by 52?
50
What is the remainder when 10306 is divided by 5151?
4
Calculate the remainder when 16014 is divided by 44.
42
Calculate the remainder when 19093 is divided by 10.
3
What is the remainder when 10753 is divided by 10749?
4
Calculate the remainder when 105107 is divided by 17517.
5
What is the remainder when 3718259 is divided by 63?
62
Calculate the remainder when 98090 is divided by 9.
8
What is the remainder when 5280964 is divided by 18?
16
Calculate the remainder when 4733 is divided by 139.
7
What is the remainder when 120400 is divided by 3541?
6
Calculate the remainder when 10289 is divided by 5141.
7
What is the remainder when 28493 is divided by 380?
373
What is the remainder when 476397 is divided by 8822?
9
Calculate the remainder when 11252 is divided by 573.
365
What is the remainder when 43464 is divided by 29?
22
Calculate the remainder when 187790 is divided by 121.
119
Calculate the remainder when 8633 is divided by 108.
101
What is the remainder when 4478 is divided by 26?
6
What is the remainder when 1120 is divided by 1092?
28
What is the remainder when 562798 is divided by 66?
16
What is the remainder when 62400 is divided by 61?
58
What is the remainder when 1730394 is divided by 309?
303
Calculate the remainder when 147121 is divided by 549.
538
Calculate the remainder when 698 is divided by 348.
2
Calculate the remainder when 7571 is divided by 550.
421
What is the remainder when 57954 is divided by 24?
18
What is the remainder when 107532 is divided by 1034?
1030
Calculate the remainder when 250270 is divided by 250260.
10
Calculate the remainder when 3236 is divided by 651.
632
Calculate the remainder when 6866 is divided by 4.
2
Calculate the remainder when 6697 is divided by 2603.
1491
What is the remainder when 15186782 is divided by 16?
14
Calculate the remainder when 2002 is divided by 292.
250
What is the remainder when 7195 is divided by 153?
4
Calculate the remainder when 86949 is divided by 43456.
37
What is the remainder when 66104 is divided by 113?
112
What is the remainder when 1816 is divided by 69?
22
What is the remainder when 94910 is divided by 98?
46
What is the remainder when 200621 is divided by 16?
13
What is the remainder when 114974 is divided by 545?
524
Calculate the remainder when 515 is divided by 26.
21
Calculate the remainder when 12657 is divided by 218.
13
What is the remainder when 40687 is divided by 147?
115
Calculate the remainder when 26876 is divided by 11.
3
What is the remainder when 28854 is divided by 39?
33
Calculate the remainder when 271 is divided by 1.
0
What is the remainder when 987 is divided by 86?
41
What is the remainder when 438405 is divided by 13285?
0
Calculate the remainder when 9409 is divided by 614.
199
What is the remainder when 5940 is divided by 31?
19
Calculate the remainder when 13475 is divided by 72.
11
What is the remainder when 159876 is divided by 31972?
16
What is the remainder when 352069 is divided by 1253?
1229
What is the remainder when 1504 is divided by 260?
204
What is the remainder when 483464 is divided by 579?
578
What is the remainder when 35121 is divided by 114?
9
What is the remainder when 1845 is divided by 66?
63
Calculate the remainder when 74256 is divided by 37114.
28
Calculate the remainder when 60153 is divided by 8588.
37
Calculate the remainder when 127165 is divided by 42382.
19
Calculate the remainder when 160363 is divided by 553.
546
Calculate the remainder when 85815 is divided by 130.
15
What is the remainder when 2149 is divided by 2113?
36
Calculate the remainder when 12463 is divided by 425.
138
Calculate the remainder when 5313 is divided by 1706.
195
Calculate the remainder when 1302 is divided by 1135.
167
What is the remainder when 302 is divided by 48?
14
Calculate the remainder when 5497 is divided by 84.
37
What is the remainder when 3255 is divided by 539?
21
Calculate the remainder when 2237 is divided by 512.
189
What is the remainder when 5994 is divided by 740?
74
What is the remainder when 37134 is divided by 98?
90
What is the remainder when 7799 is divided by 71?
60
What is the remainder when 263673 is divided by 43940?
33
What is the remainder when 218699 is divided by 675?
674
Calculate the remainder when 259 is di